e the first derivative of z(j). Suppose 14*f = 2*f - 12. Give i(f).
-8
Let u(x) be the first derivative of -x + 2/3*x**3 + 10 - 3/2*x**2. Let m = -297 - -300. Give u(m).
8
Let w(n) be the third derivative of -n**6/120 + n**5/20 + n**4/8 - 7299*n**2. Let l(c) = c**3 - 3*c**2 + 2*c - 1. Let k be l(3). What is w(k)?
-35
Let p(h) = -h**2 + 4*h + 16. Let m be p(6). Let w(v) = 5404 + m*v - 5404. What is w(-1)?
-4
Let q(u) = -u**3 - 5*u**2 - 3*u + 3. Let j = 72 + -61. Suppose 4 + 29 = j*m. Let f be 18/m*(0 - (-4)/(-6)). Determine q(f).
-1
Suppose 4 = 3*z + 5*g, 2*g + 0*g + 16 = z. Let j(m) = 23*m + 13. Let x(d) = 12*d + 1. Let p(y) = j(y) - 2*x(y). Calculate p(z).
3
Suppose 2*v = -4, v = -7*f + 3*f - 26. Let y be 50/f + 7/((-63)/6). Let z be 8*3/y*3/(-2). Let h(m) = 5*m - 2. Determine h(z).
18
Let v(j) = -j**3 - j**2 + 11*j - 4. Let u be 9/2*(5 + -1)/(-5 - -11). Calculate v(u).
-7
Let k(q) = 33*q - 1. Let t(s) = -6*s + 4. Let i(b) = -k(b) - 5*t(b). Determine i(12).
-55
Let q(p) = -58*p - 1770. Let y be q(-30). Let k(h) = 2*h + 68. Calculate k(y).
8
Let l(n) be the second derivative of -n**4/12 - n**3/6 + 3*n**2 + 4*n + 509. Suppose 3*x = 7*x - 12. Give l(x).
-6
Let z(j) = j**3 - 4*j**2 - 180*j + 987. Let f be z(6). Let v(x) = x**2 + 15*x - 108. Calculate v(f).
18
Suppose -5*g = -c + 22, -8*g + 6*g - 4*c = 22. Let h(j) be the second derivative of j**3/6 + 4*j**2 + 7*j. What is h(g)?
3
Let w = 165 - 161. Suppose 3*r + 19 - w = 0. Let h(t) = t**3 + 5*t**2 + 3*t + 3. What is h(r)?
-12
Let o(n) = 2593 + 2589 + 4*n**3 - 7737 + 0*n**3 + 9*n**2 + 2572 - 3*n**3 - 8*n. Let y = 6 - 16. Give o(y).
-3
Let k(q) = 8*q**2 - q - 2. Suppose -2*g = -c + 13, 6*g + 29 = c - 8. Calculate k(c).
5
Let g(v) = -3*v**3 - 3*v**2 - 5*v + 17. Let j be g(4). Let i = -249 - j. Let n(a) = a**2 + 6*a + 3. Determine n(i).
3
Let s(k) be the second derivative of -k**4/6 + 4*k**3/3 + 19*k**2/2 - 7*k - 12. What is s(-3)?
-23
Let p(t) = -t**2 - 2*t + 1. Let n be p(1). Let a(h) = -7*h + 46 + 3*h - 2*h**2 - 50 + h + 3*h**2. Determine a(n).
6
Let f(a) = a**3 - 8*a**2 - 7*a - 5. Suppose -4*y + u + 35 = 0, 44*u - 43*u = -3*y + 28. What is f(y)?
13
Let z(n) = -29*n + 3. Let t be z(0). Let b(m) = -4*m**2 - 4*m + 3. Let s(w) = -8*w**2 - 7*w + 6. Let r(d) = 5*b(d) - 3*s(d). Determine r(t).
36
Let o be 6 - -2 - -2 - (-16)/(-2). Let k(b) be the third derivative of 1/20*b**5 + 0 - 1/24*b**4 + 0*b**3 + 0*b - 12*b**o. Determine k(-2).
14
Let q(g) = -g**3 - 4*g**2 + 2*g + 6. Let x(f) = 4*f + 20. Let o = -54 - -49. Let n(v) = v - 1. Let b be n(o). Let m be x(b). What is q(m)?
-2
Let i = 617 + -598. Let r(a) = -a**2 + 32*a - 242. Calculate r(i).
5
Let m(k) = -70*k**3 - k - 2. Suppose -17 + 109 = -92*y. Give m(y).
69
Let t(o) = o**2 + 10*o + 28. Let x be (-3)/((-165)/(-485)) + (-108)/594. What is t(x)?
19
Let t(d) = 2*d**2 + d + 8. Suppose 5*x - 4*b = -42, -9 = -173*x + 177*x + 5*b. Calculate t(x).
74
Let h(b) = b**2 - 3*b - 4. Suppose 2*m = 2*x - x, -4*x = 2*m + 30. Let o(a) = 3*a + 18. Let f be o(x). Suppose -j + 7 = g, 0 = -f*j - 3*j + 9. Determine h(g).
0
Suppose 3*k = 4*j - 5, -5*k + 10*k + 12 = 3*j. Let p(x) be the third derivative of x**5/60 + 5*x**4/24 + x**3 + x**2. Give p(k).
0
Suppose c - 5*h = 0, -c + 2*c + 5*h - 40 = 0. Suppose -4*y - 47 = -o + c, -y = o - 57. Let j(p) = 21 - o + p + 18 + 15. Calculate j(5).
0
Let t be -9 + 6 - (3 - 26). Let c(v) = -2*v - t*v + 1 + 16*v. Calculate c(2).
-11
Let t(c) = 38 - 28 + 41 - c. What is t(23)?
28
Let c(i) = i**2 + 8*i. Let r(n) = -37*n + 18. Let d be r(2). Let v be 24/d*2*7. Determine c(v).
-12
Let q(l) = 9*l**2 - 100*l + 7. Let x(f) = f**2 - 13*f - 19. Let z be x(15). Let s be q(z). Let i(g) = 2*g**3 + 7*g**2 + 6*g. Calculate i(s).
-40
Let q(u) = u**3 + 5*u**2 - 8*u - 9. Suppose 7*p + 3*p + 20 = 0. Let w be (4 - 2) + 16/p. Give q(w).
3
Suppose -w - 20 = 2*f, -32*f + 50 = -4*w - 30*f. Let u be (w - -10)/(-16) + (-2)/8. Let k(b) = b**3 + b**2 + b + 5. Determine k(u).
5
Let t = -231 + 234. Let v(p) = 1055 - t*p**2 - 1055. What is v(2)?
-12
Let q = -2289 + 2310. Let b(j) = -j**2 + 23*j - 39. Determine b(q).
3
Let k(h) = -h - 7 + 2*h + 0*h. Let i be k(11). Let f be (i - (3 + -5))*-1. Let p(c) = -c**3 - 5*c**2 + 4*c - 7. Determine p(f).
5
Let k(s) = s**2 - s - 1. Suppose -301 = -6*m - 295. Suppose -11 = 2*b + z, 3*z + m = 3*b + z. Calculate k(b).
11
Let h(r) = 3*r + 22. Suppose -3*x = a - 36 + 19, -4*x = -3*a - 1. Suppose k = -x*j - 33, -j - 16 = 3*k - 5. Calculate h(j).
-2
Let o(u) = 3*u + 9. Let c be (-1 - 430) + -13 + 17 + -5. Let w = 422 + c. Determine o(w).
-21
Let g(v) = v + 9. Let x(n) = -n - 8. Suppose 4*a + 24 = 4*q, -2*q - 7*a + 3*a + 12 = 0. Let r be x(q). Give g(r).
-5
Let l(i) = i**2 - 9*i + 19. Let y be 2261/38*2/17. Calculate l(y).
5
Let a(g) = -4*g + 1. Let f(i) = i. Let z be (3/6)/(1/2). Let b(m) = z*f(m) + a(m). Let l = -16 - -14. Determine b(l).
7
Let k(t) = -5*t + 19. Suppose 4*b = -8, b + 2 = -4*m + 12. What is k(m)?
4
Let j(u) be the first derivative of u**2 + 22*u + 1033. Give j(-20).
-18
Suppose -k + 4*w + 3 = 0, w = -4*k + 6*w - 21. Let q(h) = -h**3 + 6 - 3*h**2 - 7*h**2 - 9*h - 5*h**2 + 5*h**2. Determine q(k).
6
Let a(c) = -3*c + 50. Let h be a(16). Let y(q) = 5*q + h - 8*q - q. Calculate y(-2).
10
Suppose 0 = -5*l - 553 + 963. Let p(d) = d**3 + 6*d - 7*d**2 - 15*d - 75 + l. What is p(8)?
-1
Let v(u) = -7*u + 8. Suppose 5*s + 197 = -3*b + 224, 5*s - 7 = 2*b. What is v(s)?
-13
Let w(b) = 2 - 8*b + 5*b - 6 - 91. Calculate w(-30).
-5
Let y = 16 - 25. Let s(v) = 3*v**2 + 28*v + 11. Let u be s(y). Suppose u*w - o + 11 = 4*o, -2*w + 3*o = 5. Let x(q) = q**3 - 3*q**2 + 3*q - 2. Give x(w).
0
Let a(q) = 2713*q**2 - 2711*q**2 + 30 - 59 + 14*q. What is a(4)?
59
Let a(y) = 2*y**3 + 19*y**2 - 12*y - 7. Suppose -2*h - 4*d = -6*d + 10, 4*h + 5*d = -65. What is a(h)?
13
Let d(l) be the third derivative of l**5/60 - 7*l**4/24 - 23*l**3/3 + 675*l**2 - l + 2. Calculate d(11).
-2
Let l = 148 - 153. Let n(i) = i**2 - i - 4. Let a be n(-2). Let k(q) = -q**2 + 8 - 5*q + 5*q - 3*q - a. What is k(l)?
-4
Let c(g) be the first derivative of g**4/4 - 13*g**3/3 + g**2/2 - 13*g - 7558. Let t(w) = 3*w - 5. Let k be t(6). Give c(k).
0
Let g(t) = -t**2 + 25*t - 60. Let s be g(18). Suppose -14 = -13*l - s. Let r(m) = -2*m**2 - 4*m - 1. Determine r(l).
-17
Let v(d) = 78*d**2 + 466*d - 19. Let r be v(-6). Let m(x) = x**2 + 5*x - 13. Give m(r).
1
Let m be (-1263)/(-21) - (-180)/210. Let y(r) = -6*r**2 + 126*r - 2 - m*r - 58*r - r**3. Calculate y(-7).
-2
Let v(a) = -a**3 - 4*a**2 - 4*a - 8. Suppose 5*f + 138 = 6*f. Let k = 135 - f. Calculate v(k).
-5
Suppose 68*c = 140*c - 216. Let t(h) = -h**2 - 8*h + 25. Determine t(c).
-8
Let c(q) = -q**3 - 3*q**2 + 2*q - 5. Suppose 6*k = 5*k + 4*g - 235, k + g = -240. Let v = k - -234. What is c(v)?
35
Suppose 4*r - 242 = -7*r. Suppose 18*c - r*c = -444. Let b be c/(-39) + ((-8)/52 - 0). Let n(k) = -k**3 - 3*k**2 - 2*k - 1. Determine n(b).
5
Let t(y) = -8*y**2 + y. Suppose -117*a = -120*a + 9. Suppose -4*h + 0*h = 5*d + 25, 2*d + a*h = -17. Give t(d).
-9
Let l = -8786 + 8792. Let t(s) = -2*s**2 + s + 6. Calculate t(l).
-60
Let t(y) be the second derivative of -y**5/20 - y**4/4 - y**3/3 - 6*y. Let r be -3 - (13/1 + -14). Give t(r).
0
Let a be 2/(240/(-81) - -3). Suppose -a*x + 24 = -48*x. Let z(h) = -h**3 + 4*h**2 - 3*h + 9. Determine z(x).
-3
Let z(m) = 27*m + 1445. Let v(k) = -9*k - 480. Let n(j) = 37*v(j) + 12*z(j). Give n(-46).
-6
Let p be -9 + ((-21)/63 - 43/(-3)) + 5. Let s(n) = -4 + 0 - 2*n + 0. What is s(p)?
-24
Let p(d) be the third derivative of -d**6/120 - 7*d**5/60 - 11*d**4/24 - d**3 + 4461*d**2. Determine p(-7).
71
Suppose 4*j - 4 = 12. Suppose -f = -4*s + 4, -j*s - 2*f - 2*f = -24. Let y(l) = 6 - 22*l**s + 21*l**2 + 8*l - 3*l. Give y(5).
6
Let i = -274 + 278. Let k(a) = 4 - 1682*a**2 + 0*a + i*a + 1681*a**2. Calculate k(4).
4
Let w = -80 - -119. Let o = 42 - w. Suppose -o - 1 = 4*j. Let k(l) = -7*l**2 + l. What is k(j)?
-8
Let a be 15/(-13) + 46/299. Let n be a/4 + 45/20. Let r(m) = -4 - 7 + 3 + 146*m**n - 7*m - 145*m**2. Give r(6).
-14
Let p(t) = 4*t - 10. Let f be p(4). Let i(d) = 12*d - 10. Let h(r) = 4*r - 3. Suppose -23*b - 17 = -22*b. Let o(g) = b*h(g) + 6*i(g). Calculate o(f).
15
Let z(n) = -n**3 + 14*n**2 -